{"id":4579,"date":"2020-03-04T15:02:09","date_gmt":"2020-03-04T14:02:09","guid":{"rendered":"https:\/\/www.fcschwand.de\/?page_id=4579"},"modified":"2023-09-22T09:39:05","modified_gmt":"2023-09-22T07:39:05","slug":"lets-dance","status":"publish","type":"page","link":"https:\/\/www.fcschwand.de\/home\/turnen\/lets-dance\/","title":{"rendered":"Let\u00b4s Dance"},"content":{"rendered":"<div id='av_section_1'  class='avia-section main_color avia-section-small avia-no-border-styling  avia-bg-style-scroll  avia-builder-el-0  el_before_av_one_half  avia-builder-el-first   container_wrap sidebar_right' style='background-color: #353535;  '  ><div class='container' ><main  role=\"main\" itemprop=\"mainContentOfPage\"  class='template-page content  av-content-small alpha units'><div class='post-entry post-entry-type-page post-entry-4579'><div class='entry-content-wrapper clearfix'>\n<div  style='padding-bottom:30px; color:#ffffff;font-size:60px;' class='av-special-heading av-special-heading-h1 custom-color-heading blockquote modern-quote  avia-builder-el-1  el_before_av_button  avia-builder-el-first  av-thin-font av-inherit-size '><h1 class='av-special-heading-tag '  itemprop=\"headline\"  >Let\u00b4s Dance beim<strong>1.FC Schwand<\/strong><\/h1><div class='special-heading-border'><div class='special-heading-inner-border' style='border-color:#ffffff'><\/div><\/div><\/div>\n<div  class='avia-button-wrap avia-button-center  avia-builder-el-2  el_after_av_heading  avia-builder-el-last ' ><a href='https:\/\/www.fcschwand.de\/home\/turnen\/kinder-und-jugend\/'  class='avia-button  avia-color-blue   avia-icon_select-no avia-size-small avia-position-center '   ><span class='avia_iconbox_title' >zur\u00fcck <\/span><\/a><\/div>\n<\/div><\/div><\/main><!-- close content main element --><\/div><\/div><div id='after_section_1'  class='main_color av_default_container_wrap container_wrap sidebar_right' style=' '  ><div class='container' ><div class='template-page content  av-content-small alpha units'><div class='post-entry post-entry-type-page post-entry-4579'><div class='entry-content-wrapper clearfix'>\n<div class=\"flex_column av_one_half  flex_column_div av-zero-column-padding first  avia-builder-el-3  el_after_av_section  el_before_av_one_half  avia-builder-el-first  \" style='border-radius:0px; '><p><div  style='padding-bottom:10px; ' class='av-special-heading av-special-heading-h3  blockquote modern-quote modern-centered  avia-builder-el-4  el_before_av_heading  avia-builder-el-first  '><h3 class='av-special-heading-tag '  itemprop=\"headline\"  >Kindertanzen <\/h3><div class='special-heading-border'><div class='special-heading-inner-border' ><\/div><\/div><\/div><br \/>\n<div  style='padding-bottom:10px; ' class='av-special-heading av-special-heading-h3    avia-builder-el-5  el_after_av_heading  el_before_av_textblock  '><h3 class='av-special-heading-tag '  itemprop=\"headline\"  >Mini &#8211; H\u00fcpfer<\/h3><div class='special-heading-border'><div class='special-heading-inner-border' ><\/div><\/div><\/div><br \/>\n<section class=\"av_textblock_section \"  itemscope=\"itemscope\" itemtype=\"https:\/\/schema.org\/CreativeWork\" ><div class='avia_textblock  '   itemprop=\"text\" ><p>Montag von 15.00 \u2013 16.00 Uhr \/ Vereinshalle \/ 3-6 J\u00e4hrige<\/p>\n<p>Ansprechpartner:<\/p>\n<p>Ulrike Papenfu\u00df, Trainerlizenz C \/ Tel. 90864<\/p>\n<p>F\u00fcr alle tanzbegeisterten Kids ein neues Angebot.<br \/>\nEine bunte Mischung aus Kindertanzen, Singspielen und mehr.<br \/>\nEine Stunde zum mitmachen, Singen und Spa\u00df haben !<br \/>\nWir f\u00f6rdern die kognitiven F\u00e4higkeiten , Taktsinn und Koordination der kleinsten.<\/p>\n<\/div><\/section><br \/>\n<div  style='padding-bottom:10px; ' class='av-special-heading av-special-heading-h3    avia-builder-el-7  el_after_av_textblock  el_before_av_textblock  '><h3 class='av-special-heading-tag '  itemprop=\"headline\"  >Crazy Catkins (5 &#8211; 9 Jahre)<\/h3><div class='special-heading-border'><div class='special-heading-inner-border' ><\/div><\/div><\/div><br \/>\n<section class=\"av_textblock_section \"  itemscope=\"itemscope\" itemtype=\"https:\/\/schema.org\/CreativeWork\" ><div class='avia_textblock  '   itemprop=\"text\" ><p>Montag von 17.00 \u2013 18.00 Uhr \/ Gemeindehalle 3<\/p>\n<p>Ansprechpartner: Yvi Bieringer, Trainerlizenz C \/ Tel. 942706<br \/>\nClaudia Gunreben, Betreuerin<\/p>\n<p>Tanzen wie die Stars, das ist unser Motto. Zu aktuellen Charthits studieren wir tolle T\u00e4nze ein und werden dadurch auch zu schwierigeren Tanzelementen hingef\u00fchrt.<\/p>\n<\/div><\/section><br \/>\n<div  style='padding-bottom:10px; ' class='av-special-heading av-special-heading-h3    avia-builder-el-9  el_after_av_textblock  el_before_av_textblock  '><h3 class='av-special-heading-tag '  itemprop=\"headline\"  >Akrobatik <span class='special_amp'>&amp;<\/span> Dance (ab 7 Jahre)<\/h3><div class='special-heading-border'><div class='special-heading-inner-border' ><\/div><\/div><\/div><br \/>\n<section class=\"av_textblock_section \"  itemscope=\"itemscope\" itemtype=\"https:\/\/schema.org\/CreativeWork\" ><div class='avia_textblock  '   itemprop=\"text\" ><p>Dienstag 16.30 &#8211; 18.30 \/ Gemeindehalle 2\/3<br \/>\nFreitag 17.00 &#8211; 19.00 \/ Gemeindehalle 2\/3<br \/>\nSamstag 10.00 &#8211; 12.00 \/ Sportheim Schwand<\/p>\n<p>Ansprechpartner:<\/p>\n<p>Ulrike Papenfu\u00df\u00a0 \/ Trainerlizenz C+B \/ Tel 90864<br \/>\nDominik Krebs\u00a0 \/ Trainerlizenz C+B \/ Sportakrobatik<br \/>\nSaskia Papenfu\u00df\u00a0 \/ Trainerlizenz C+B<\/p>\n<p><strong>Schnuppertraining erforderlich &#8211; Termin <span style=\"color: #ff0000;\">NUR<\/span> nach telefonischer Anmeldung m\u00f6glich !<\/strong><\/p>\n<p>Akrobatik von der Rolle \u00fcbers Rad, Handstand bis hin zum Bogengang und\u00a0\u00a0FlicFlac.<br \/>\nPartnerakrobatik zu zweit, viert, acht und mehr, Akrobatik am\u00a0\u00a0Vertikaltuch&#8230;<\/p>\n<p>F\u00fcr Jungs und M\u00e4dels die Spa\u00df haben am Bodenturnen, ab 7 Jahre bis ??\u00a0so lang ihr m\u00f6chtet.<\/p>\n<p>Alles zusammen packen wir in eine Choreo und \u00fcben dementsprechend auch\u00a0Tanzschritte dazu ein.<br \/>\nWer also Lust hat an Tanz und Bewegung, gerne in der Gruppe trainiert\u00a0ist hier willkommen.<\/p>\n<p>Keine Angst, die Gruppe ist bunt gemischt im Altersbereich und wir\u00a0freuen uns \u00fcber Neuzug\u00e4nge,\u00a0aber auch Quereinsteiger oder Wiederholungst\u00e4ter \ud83d\ude42<\/p>\n<\/div><\/section><br \/>\n<div  style='padding-bottom:10px; ' class='av-special-heading av-special-heading-h3    avia-builder-el-11  el_after_av_textblock  el_before_av_textblock  '><h3 class='av-special-heading-tag '  itemprop=\"headline\"  >Poi <span class='special_amp'>&amp;<\/span> Dance (ab 10 Jahre)<\/h3><div class='special-heading-border'><div class='special-heading-inner-border' ><\/div><\/div><\/div><br \/>\n<section class=\"av_textblock_section \"  itemscope=\"itemscope\" itemtype=\"https:\/\/schema.org\/CreativeWork\" ><div class='avia_textblock  '   itemprop=\"text\" ><p>Montag von 18.00 \u2013 19.00 Uhr \/ Gemeindehalle 3<\/p>\n<p>Ansprechpartner: Yvi Bieringer, Kim Bieringer Trainerlizenz C \/ Tel. 942706<\/p>\n<p>Trendige Choreographien aus aktuellen Charts Hits, Hip Hop, Spiel mit den &#8222;Poi\/LED&#8220;<br \/>\nund mehr &#8230;.. Willkommen sind alle Jungs und M\u00e4dels ab 10 Jahren, die Spa\u00df am Tanzen haben.<\/p>\n<\/div><\/section><\/p><\/div><div class=\"flex_column av_one_half  flex_column_div av-zero-column-padding   avia-builder-el-13  el_after_av_one_half  el_before_av_hr  \" style='border-radius:0px; '><p><div  style='padding-bottom:10px; color:#ffffff;' class='av-special-heading av-special-heading-h3 custom-color-heading blockquote modern-quote modern-centered  avia-builder-el-14  el_before_av_heading  avia-builder-el-first  '><h3 class='av-special-heading-tag '  itemprop=\"headline\"  >Kindertanzen<\/h3><div class='special-heading-border'><div class='special-heading-inner-border' style='border-color:#ffffff'><\/div><\/div><\/div><br \/>\n<div  style='padding-bottom:10px; ' class='av-special-heading av-special-heading-h3    avia-builder-el-15  el_after_av_heading  el_before_av_textblock  '><h3 class='av-special-heading-tag '  itemprop=\"headline\"  >Femmes Fada 18 &#8211; ??? Jahre<\/h3><div class='special-heading-border'><div class='special-heading-inner-border' ><\/div><\/div><\/div><br \/>\n<section class=\"av_textblock_section \"  itemscope=\"itemscope\" itemtype=\"https:\/\/schema.org\/CreativeWork\" ><div class='avia_textblock  '   itemprop=\"text\" ><p>Mittwoch von 19.30 \u2013 21.00 Uhr \/ Tanzraum Lohweg 4b Schwand<\/p>\n<p>Ansprechpartner: Yvi Bieringer, Trainerlizenz C \/ Tel. 942706<\/p>\n<p>Auftritte und Turniere sind unsere Herausforderung. Jedoch steht bei uns der Spa\u00df mit der Gruppe und die Freude am Tanzen an erster Stelle. Jeder Neuzugang wird bei uns mit offenen Armen empfangen &#8230; und auch Du wirst bald unsere Gruppe nicht mehr missen wollen.<\/p>\n<\/div><\/section><br \/>\n<section class=\"av_textblock_section \"  itemscope=\"itemscope\" itemtype=\"https:\/\/schema.org\/CreativeWork\" ><div class='avia_textblock  '   itemprop=\"text\" ><p>Ansprechpartner:\u00a0Ulrike Papenfu\u00df<\/p>\n<\/div><\/section><\/p><\/div><\/p>\n<div   class='hr hr-default   avia-builder-el-18  el_after_av_one_half  avia-builder-el-last '><span class='hr-inner ' ><span class='hr-inner-style'><\/span><\/span><\/div>\n","protected":false},"excerpt":{"rendered":"","protected":false},"author":7,"featured_media":0,"parent":4829,"menu_order":0,"comment_status":"closed","ping_status":"closed","template":"","meta":[],"yoast_head":"<!-- This site is optimized with the Yoast SEO plugin v15.9.2 - https:\/\/yoast.com\/wordpress\/plugins\/seo\/ -->\n<title>Let\u00b4s Dance - 1.FC Schwand<\/title>\n<link rel=\"canonical\" href=\"https:\/\/www.fcschwand.de\/home\/turnen\/lets-dance\/\" \/>\n<meta property=\"og:locale\" content=\"de_DE\" \/>\n<meta property=\"og:type\" content=\"article\" \/>\n<meta property=\"og:title\" content=\"Let\u00b4s Dance - 1.FC Schwand\" \/>\n<meta property=\"og:url\" content=\"https:\/\/www.fcschwand.de\/home\/turnen\/lets-dance\/\" \/>\n<meta property=\"og:site_name\" content=\"1.FC Schwand\" \/>\n<meta property=\"article:modified_time\" content=\"2023-09-22T07:39:05+00:00\" \/>\n<meta name=\"twitter:card\" content=\"summary\" \/>\n<meta name=\"twitter:label1\" content=\"Gesch\u00e4tzte Lesezeit\">\n\t<meta name=\"twitter:data1\" content=\"8\u00a0Minuten\">\n<script type=\"application\/ld+json\" class=\"yoast-schema-graph\">{\"@context\":\"https:\/\/schema.org\",\"@graph\":[{\"@type\":\"WebSite\",\"@id\":\"https:\/\/www.fcschwand.de\/home\/#website\",\"url\":\"https:\/\/www.fcschwand.de\/home\/\",\"name\":\"1.FC Schwand\",\"description\":\"Sport aus Leidenschaft\",\"potentialAction\":[{\"@type\":\"SearchAction\",\"target\":\"https:\/\/www.fcschwand.de\/home\/?s={search_term_string}\",\"query-input\":\"required name=search_term_string\"}],\"inLanguage\":\"de\"},{\"@type\":\"WebPage\",\"@id\":\"https:\/\/www.fcschwand.de\/home\/turnen\/lets-dance\/#webpage\",\"url\":\"https:\/\/www.fcschwand.de\/home\/turnen\/lets-dance\/\",\"name\":\"Let\\u00b4s Dance - 1.FC Schwand\",\"isPartOf\":{\"@id\":\"https:\/\/www.fcschwand.de\/home\/#website\"},\"datePublished\":\"2020-03-04T14:02:09+00:00\",\"dateModified\":\"2023-09-22T07:39:05+00:00\",\"breadcrumb\":{\"@id\":\"https:\/\/www.fcschwand.de\/home\/turnen\/lets-dance\/#breadcrumb\"},\"inLanguage\":\"de\",\"potentialAction\":[{\"@type\":\"ReadAction\",\"target\":[\"https:\/\/www.fcschwand.de\/home\/turnen\/lets-dance\/\"]}]},{\"@type\":\"BreadcrumbList\",\"@id\":\"https:\/\/www.fcschwand.de\/home\/turnen\/lets-dance\/#breadcrumb\",\"itemListElement\":[{\"@type\":\"ListItem\",\"position\":1,\"item\":{\"@type\":\"WebPage\",\"@id\":\"https:\/\/www.fcschwand.de\/home\/1-fc-schwand-sportverein-2\/\",\"url\":\"https:\/\/www.fcschwand.de\/home\/1-fc-schwand-sportverein-2\/\",\"name\":\"Startseite\"}},{\"@type\":\"ListItem\",\"position\":2,\"item\":{\"@type\":\"WebPage\",\"@id\":\"https:\/\/www.fcschwand.de\/home\/turnen\/\",\"url\":\"https:\/\/www.fcschwand.de\/home\/turnen\/\",\"name\":\"Turnen\"}},{\"@type\":\"ListItem\",\"position\":3,\"item\":{\"@type\":\"WebPage\",\"@id\":\"https:\/\/www.fcschwand.de\/home\/turnen\/lets-dance\/\",\"url\":\"https:\/\/www.fcschwand.de\/home\/turnen\/lets-dance\/\",\"name\":\"Let\\u00b4s Dance\"}}]}]}<\/script>\n<!-- \/ Yoast SEO plugin. -->","_links":{"self":[{"href":"https:\/\/www.fcschwand.de\/home\/wp-json\/wp\/v2\/pages\/4579"}],"collection":[{"href":"https:\/\/www.fcschwand.de\/home\/wp-json\/wp\/v2\/pages"}],"about":[{"href":"https:\/\/www.fcschwand.de\/home\/wp-json\/wp\/v2\/types\/page"}],"author":[{"embeddable":true,"href":"https:\/\/www.fcschwand.de\/home\/wp-json\/wp\/v2\/users\/7"}],"replies":[{"embeddable":true,"href":"https:\/\/www.fcschwand.de\/home\/wp-json\/wp\/v2\/comments?post=4579"}],"version-history":[{"count":10,"href":"https:\/\/www.fcschwand.de\/home\/wp-json\/wp\/v2\/pages\/4579\/revisions"}],"predecessor-version":[{"id":7867,"href":"https:\/\/www.fcschwand.de\/home\/wp-json\/wp\/v2\/pages\/4579\/revisions\/7867"}],"up":[{"embeddable":true,"href":"https:\/\/www.fcschwand.de\/home\/wp-json\/wp\/v2\/pages\/4829"}],"wp:attachment":[{"href":"https:\/\/www.fcschwand.de\/home\/wp-json\/wp\/v2\/media?parent=4579"}],"curies":[{"name":"wp","href":"https:\/\/api.w.org\/{rel}","templated":true}]}}

<div id='av_section_1'  class='avia-section main_color avia-section-small avia-no-border-styling  avia-bg-style-scroll  avia-builder-el-0  el_before_av_one_half  avia-builder-el-first   container_wrap sidebar_right' style='background-color: #353535;  '  ><div class='container' ><main  role="main" itemprop="mainContentOfPage"  class='template-page content  av-content-small alpha units'><div class='post-entry post-entry-type-page post-entry-4579'><div class='entry-content-wrapper clearfix'>
<div  style='padding-bottom:30px; color:#ffffff;font-size:60px;' class='av-special-heading av-special-heading-h1 custom-color-heading blockquote modern-quote  avia-builder-el-1  el_before_av_button  avia-builder-el-first  av-thin-font av-inherit-size '><h1 class='av-special-heading-tag '  itemprop="headline"  >Let´s Dance beim<strong>1.FC Schwand</strong></h1><div class='special-heading-border'><div class='special-heading-inner-border' style='border-color:#ffffff'></div></div></div>
<div  class='avia-button-wrap avia-button-center  avia-builder-el-2  el_after_av_heading  avia-builder-el-last ' ><a href='https://www.fcschwand.de/home/turnen/kinder-und-jugend/'  class='avia-button  avia-color-blue   avia-icon_select-no avia-size-small avia-position-center '   ><span class='avia_iconbox_title' >zurück </span></a></div>
</div></div></main><!-- close content main element --></div></div><div id='after_section_1'  class='main_color av_default_container_wrap container_wrap sidebar_right' style=' '  ><div class='container' ><div class='template-page content  av-content-small alpha units'><div class='post-entry post-entry-type-page post-entry-4579'><div class='entry-content-wrapper clearfix'>
<div class="flex_column av_one_half  flex_column_div av-zero-column-padding first  avia-builder-el-3  el_after_av_section  el_before_av_one_half  avia-builder-el-first  " style='border-radius:0px; '><p><div  style='padding-bottom:10px; ' class='av-special-heading av-special-heading-h3  blockquote modern-quote modern-centered  avia-builder-el-4  el_before_av_heading  avia-builder-el-first  '><h3 class='av-special-heading-tag '  itemprop="headline"  >Kindertanzen </h3><div class='special-heading-border'><div class='special-heading-inner-border' ></div></div></div><br />
<div  style='padding-bottom:10px; ' class='av-special-heading av-special-heading-h3    avia-builder-el-5  el_after_av_heading  el_before_av_textblock  '><h3 class='av-special-heading-tag '  itemprop="headline"  >Mini &#8211; Hüpfer</h3><div class='special-heading-border'><div class='special-heading-inner-border' ></div></div></div><br />
<section class="av_textblock_section "  itemscope="itemscope" itemtype="https://schema.org/CreativeWork" ><div class='avia_textblock  '   itemprop="text" ><p>Montag von 15.00 – 16.00 Uhr / Vereinshalle / 3-6 Jährige</p>
<p>Ansprechpartner:</p>
<p>Ulrike Papenfuß, Trainerlizenz C / Tel. 90864</p>
<p>Für alle tanzbegeisterten Kids ein neues Angebot.<br />
Eine bunte Mischung aus Kindertanzen, Singspielen und mehr.<br />
Eine Stunde zum mitmachen, Singen und Spaß haben !<br />
Wir fördern die kognitiven Fähigkeiten , Taktsinn und Koordination der kleinsten.</p>
</div></section><br />
<div  style='padding-bottom:10px; ' class='av-special-heading av-special-heading-h3    avia-builder-el-7  el_after_av_textblock  el_before_av_textblock  '><h3 class='av-special-heading-tag '  itemprop="headline"  >Crazy Catkins (5 &#8211; 9 Jahre)</h3><div class='special-heading-border'><div class='special-heading-inner-border' ></div></div></div><br />
<section class="av_textblock_section "  itemscope="itemscope" itemtype="https://schema.org/CreativeWork" ><div class='avia_textblock  '   itemprop="text" ><p>Montag von 17.00 – 18.00 Uhr / Gemeindehalle 3</p>
<p>Ansprechpartner: Yvi Bieringer, Trainerlizenz C / Tel. 942706<br />
Claudia Gunreben, Betreuerin</p>
<p>Tanzen wie die Stars, das ist unser Motto. Zu aktuellen Charthits studieren wir tolle Tänze ein und werden dadurch auch zu schwierigeren Tanzelementen hingeführt.</p>
</div></section><br />
<div  style='padding-bottom:10px; ' class='av-special-heading av-special-heading-h3    avia-builder-el-9  el_after_av_textblock  el_before_av_textblock  '><h3 class='av-special-heading-tag '  itemprop="headline"  >Akrobatik <span class='special_amp'>&amp;</span> Dance (ab 7 Jahre)</h3><div class='special-heading-border'><div class='special-heading-inner-border' ></div></div></div><br />
<section class="av_textblock_section "  itemscope="itemscope" itemtype="https://schema.org/CreativeWork" ><div class='avia_textblock  '   itemprop="text" ><p>Dienstag 16.30 &#8211; 18.30 / Gemeindehalle 2/3<br />
Freitag 17.00 &#8211; 19.00 / Gemeindehalle 2/3<br />
Samstag 10.00 &#8211; 12.00 / Sportheim Schwand</p>
<p>Ansprechpartner:</p>
<p>Ulrike Papenfuß  / Trainerlizenz C+B / Tel 90864<br />
Dominik Krebs  / Trainerlizenz C+B / Sportakrobatik<br />
Saskia Papenfuß  / Trainerlizenz C+B</p>
<p><strong>Schnuppertraining erforderlich &#8211; Termin <span style="color: #ff0000;">NUR</span> nach telefonischer Anmeldung möglich !</strong></p>
<p>Akrobatik von der Rolle übers Rad, Handstand bis hin zum Bogengang und  FlicFlac.<br />
Partnerakrobatik zu zweit, viert, acht und mehr, Akrobatik am  Vertikaltuch&#8230;</p>
<p>Für Jungs und Mädels die Spaß haben am Bodenturnen, ab 7 Jahre bis ?? so lang ihr möchtet.</p>
<p>Alles zusammen packen wir in eine Choreo und üben dementsprechend auch Tanzschritte dazu ein.<br />
Wer also Lust hat an Tanz und Bewegung, gerne in der Gruppe trainiert ist hier willkommen.</p>
<p>Keine Angst, die Gruppe ist bunt gemischt im Altersbereich und wir freuen uns über Neuzugänge, aber auch Quereinsteiger oder Wiederholungstäter 🙂</p>
</div></section><br />
<div  style='padding-bottom:10px; ' class='av-special-heading av-special-heading-h3    avia-builder-el-11  el_after_av_textblock  el_before_av_textblock  '><h3 class='av-special-heading-tag '  itemprop="headline"  >Poi <span class='special_amp'>&amp;</span> Dance (ab 10 Jahre)</h3><div class='special-heading-border'><div class='special-heading-inner-border' ></div></div></div><br />
<section class="av_textblock_section "  itemscope="itemscope" itemtype="https://schema.org/CreativeWork" ><div class='avia_textblock  '   itemprop="text" ><p>Montag von 18.00 – 19.00 Uhr / Gemeindehalle 3</p>
<p>Ansprechpartner: Yvi Bieringer, Kim Bieringer Trainerlizenz C / Tel. 942706</p>
<p>Trendige Choreographien aus aktuellen Charts Hits, Hip Hop, Spiel mit den &#8222;Poi/LED&#8220;<br />
und mehr &#8230;.. Willkommen sind alle Jungs und Mädels ab 10 Jahren, die Spaß am Tanzen haben.</p>
</div></section></p></div><div class="flex_column av_one_half  flex_column_div av-zero-column-padding   avia-builder-el-13  el_after_av_one_half  el_before_av_hr  " style='border-radius:0px; '><p><div  style='padding-bottom:10px; color:#ffffff;' class='av-special-heading av-special-heading-h3 custom-color-heading blockquote modern-quote modern-centered  avia-builder-el-14  el_before_av_heading  avia-builder-el-first  '><h3 class='av-special-heading-tag '  itemprop="headline"  >Kindertanzen</h3><div class='special-heading-border'><div class='special-heading-inner-border' style='border-color:#ffffff'></div></div></div><br />
<div  style='padding-bottom:10px; ' class='av-special-heading av-special-heading-h3    avia-builder-el-15  el_after_av_heading  el_before_av_textblock  '><h3 class='av-special-heading-tag '  itemprop="headline"  >Femmes Fada 18 &#8211; ??? Jahre</h3><div class='special-heading-border'><div class='special-heading-inner-border' ></div></div></div><br />
<section class="av_textblock_section "  itemscope="itemscope" itemtype="https://schema.org/CreativeWork" ><div class='avia_textblock  '   itemprop="text" ><p>Mittwoch von 19.30 – 21.00 Uhr / Tanzraum Lohweg 4b Schwand</p>
<p>Ansprechpartner: Yvi Bieringer, Trainerlizenz C / Tel. 942706</p>
<p>Auftritte und Turniere sind unsere Herausforderung. Jedoch steht bei uns der Spaß mit der Gruppe und die Freude am Tanzen an erster Stelle. Jeder Neuzugang wird bei uns mit offenen Armen empfangen &#8230; und auch Du wirst bald unsere Gruppe nicht mehr missen wollen.</p>
</div></section><br />
<section class="av_textblock_section "  itemscope="itemscope" itemtype="https://schema.org/CreativeWork" ><div class='avia_textblock  '   itemprop="text" ><p>Ansprechpartner: Ulrike Papenfuß</p>
</div></section></p></div></p>
<div   class='hr hr-default   avia-builder-el-18  el_after_av_one_half  avia-builder-el-last '><span class='hr-inner ' ><span class='hr-inner-style'></span></span></div>

<!-- This site is optimized with the Yoast SEO plugin v15.9.2 - https://yoast.com/wordpress/plugins/seo/ -->
<title>Let´s Dance - 1.FC Schwand</title>
<link rel="canonical" href="https://www.fcschwand.de/home/turnen/lets-dance/" />
<meta property="og:locale" content="de_DE" />
<meta property="og:type" content="article" />
<meta property="og:title" content="Let´s Dance - 1.FC Schwand" />
<meta property="og:url" content="https://www.fcschwand.de/home/turnen/lets-dance/" />
<meta property="og:site_name" content="1.FC Schwand" />
<meta property="article:modified_time" content="2023-09-22T07:39:05+00:00" />
<meta name="twitter:card" content="summary" />
<meta name="twitter:label1" content="Geschätzte Lesezeit">
	<meta name="twitter:data1" content="8 Minuten">
<script type="application/ld+json" class="yoast-schema-graph">{"@context":"https://schema.org","@graph":[{"@type":"WebSite","@id":"https://www.fcschwand.de/home/#website","url":"https://www.fcschwand.de/home/","name":"1.FC Schwand","description":"Sport aus Leidenschaft","potentialAction":[{"@type":"SearchAction","target":"https://www.fcschwand.de/home/?s={search_term_string}","query-input":"required name=search_term_string"}],"inLanguage":"de"},{"@type":"WebPage","@id":"https://www.fcschwand.de/home/turnen/lets-dance/#webpage","url":"https://www.fcschwand.de/home/turnen/lets-dance/","name":"Let\u00b4s Dance - 1.FC Schwand","isPartOf":{"@id":"https://www.fcschwand.de/home/#website"},"datePublished":"2020-03-04T14:02:09+00:00","dateModified":"2023-09-22T07:39:05+00:00","breadcrumb":{"@id":"https://www.fcschwand.de/home/turnen/lets-dance/#breadcrumb"},"inLanguage":"de","potentialAction":[{"@type":"ReadAction","target":["https://www.fcschwand.de/home/turnen/lets-dance/"]}]},{"@type":"BreadcrumbList","@id":"https://www.fcschwand.de/home/turnen/lets-dance/#breadcrumb","itemListElement":[{"@type":"ListItem","position":1,"item":{"@type":"WebPage","@id":"https://www.fcschwand.de/home/1-fc-schwand-sportverein-2/","url":"https://www.fcschwand.de/home/1-fc-schwand-sportverein-2/","name":"Startseite"}},{"@type":"ListItem","position":2,"item":{"@type":"WebPage","@id":"https://www.fcschwand.de/home/turnen/","url":"https://www.fcschwand.de/home/turnen/","name":"Turnen"}},{"@type":"ListItem","position":3,"item":{"@type":"WebPage","@id":"https://www.fcschwand.de/home/turnen/lets-dance/","url":"https://www.fcschwand.de/home/turnen/lets-dance/","name":"Let\u00b4s Dance"}}]}]}</script>
<!-- / Yoast SEO plugin. -->
