{"id":4494,"date":"2020-03-04T07:40:51","date_gmt":"2020-03-04T06:40:51","guid":{"rendered":"https:\/\/www.fcschwand.de\/?page_id=4494"},"modified":"2024-02-11T10:57:47","modified_gmt":"2024-02-11T09:57:47","slug":"kinder-und-jugend","status":"publish","type":"page","link":"https:\/\/www.fcschwand.de\/home\/turnen\/kinder-und-jugend\/","title":{"rendered":"Kinder und Jugend"},"content":{"rendered":"<div id='av_section_1'  class='avia-section main_color avia-section-small avia-no-border-styling  avia-bg-style-scroll  avia-builder-el-0  el_before_av_heading  avia-builder-el-first   container_wrap sidebar_right' style='background-color: #353535; background-repeat: no-repeat; background-image: url(https:\/\/www.fcschwand.de\/wp-content\/uploads\/2021\/03\/Kinderturnen_1500195341-7-scaled.jpg);background-attachment: scroll; background-position: center center;  '  data-section-bg-repeat='no-repeat'><div class='container' ><main  role=\"main\" itemprop=\"mainContentOfPage\"  class='template-page content  av-content-small alpha units'><div class='post-entry post-entry-type-page post-entry-4494'><div class='entry-content-wrapper clearfix'>\n<div  style='padding-bottom:30px; color:#ffffff;font-size:60px;' class='av-special-heading av-special-heading-h1 custom-color-heading blockquote modern-quote  avia-builder-el-1  el_before_av_hr  avia-builder-el-first  av-thin-font av-inherit-size '><h1 class='av-special-heading-tag '  itemprop=\"headline\"  >Kinder und Jugend <strong>1.FC Schwand<\/strong><\/h1><div class='special-heading-border'><div class='special-heading-inner-border' style='border-color:#ffffff'><\/div><\/div><\/div>\n<div   class='hr hr-default   avia-builder-el-2  el_after_av_heading  avia-builder-el-last '><span class='hr-inner ' ><span class='hr-inner-style'><\/span><\/span><\/div>\n<\/div><\/div><\/main><!-- close content main element --><\/div><\/div><div id='after_section_1'  class='main_color av_default_container_wrap container_wrap sidebar_right' style=' '  ><div class='container' ><div class='template-page content  av-content-small alpha units'><div class='post-entry post-entry-type-page post-entry-4494'><div class='entry-content-wrapper clearfix'>\n<div  style='padding-bottom:10px; ' class='av-special-heading av-special-heading-h3    avia-builder-el-3  el_after_av_section  el_before_av_section  avia-builder-el-no-sibling  '><h3 class='av-special-heading-tag '  itemprop=\"headline\"  >F\u00dcR JEDE ALTERSKLASSE DIE RICHTIGE GRUPPE.<\/h3><div class='special-heading-border'><div class='special-heading-inner-border' ><\/div><\/div><\/div>\n<\/div><\/div><\/div><!-- close content main div --><\/div><\/div><div id='av_section_2'  class='avia-section main_color avia-section-small avia-no-border-styling  avia-bg-style-scroll  avia-builder-el-4  el_after_av_heading  el_before_av_one_half   container_wrap sidebar_right' style='background-color: #353535;  '  ><div class='container' ><div class='template-page content  av-content-small alpha units'><div class='post-entry post-entry-type-page post-entry-4494'><div class='entry-content-wrapper clearfix'>\n<div class=\"flex_column av_one_third  flex_column_div av-zero-column-padding first  avia-builder-el-5  el_before_av_one_third  avia-builder-el-first  \" style='border-radius:0px; '><div  class='avia-icon-list-container   avia-builder-el-6  avia-builder-el-no-sibling '><ul class='avia-icon-list avia-icon-list-left av-iconlist-big avia_animate_when_almost_visible avia-iconlist-animate'>\n<li><a href='https:\/\/www.fcschwand.de\/home\/turnen\/kinder-turnen\/' title='Eltern-Kind Turnen (0-3 Jahre)'  target=\"_blank\"  rel=\"noopener noreferrer\"  class='iconlist_icon  avia-font-flaticon-sports'><span class='iconlist-char ' aria-hidden='true' data-av_icon='\uf163' data-av_iconfont='flaticon-sports'><\/span><\/a><article class=\"article-icon-entry av-iconlist-empty\"  itemscope=\"itemscope\" itemtype=\"https:\/\/schema.org\/CreativeWork\" ><div class='iconlist_content_wrap'><header class=\"entry-content-header\"><h4 class='av_iconlist_title iconlist_title  av_inherit_color '  itemprop=\"headline\"   style='color:#ffffff; '><a href='https:\/\/www.fcschwand.de\/home\/turnen\/kinder-turnen\/' title='Eltern-Kind Turnen (0-3 Jahre)' target=\"_blank\"  rel=\"noopener noreferrer\">Eltern-Kind Turnen (0-3 Jahre)<\/a><\/h4><\/header><div class='iconlist_content  '  itemprop=\"text\"  ><\/div><\/div><footer class=\"entry-footer\"><\/footer><\/article><div class='iconlist-timeline'><\/div><\/li>\n<li><a href='https:\/\/www.fcschwand.de\/home\/turnen\/kinder-turnen\/' title='Turnen f\u00fcr Kindergartenkinder (3-5 Jahre)'  target=\"_blank\"  rel=\"noopener noreferrer\"  class='iconlist_icon  avia-font-flaticon-sports'><span class='iconlist-char ' aria-hidden='true' data-av_icon='\uf163' data-av_iconfont='flaticon-sports'><\/span><\/a><article class=\"article-icon-entry av-iconlist-empty\"  itemscope=\"itemscope\" itemtype=\"https:\/\/schema.org\/CreativeWork\" ><div class='iconlist_content_wrap'><header class=\"entry-content-header\"><h4 class='av_iconlist_title iconlist_title  av_inherit_color '  itemprop=\"headline\"   style='color:#ffffff; '><a href='https:\/\/www.fcschwand.de\/home\/turnen\/kinder-turnen\/' title='Turnen f\u00fcr Kindergartenkinder (3-5 Jahre)' target=\"_blank\"  rel=\"noopener noreferrer\">Turnen f\u00fcr Kindergartenkinder (3-5 Jahre)<\/a><\/h4><\/header><div class='iconlist_content  '  itemprop=\"text\"  ><\/div><\/div><footer class=\"entry-footer\"><\/footer><\/article><div class='iconlist-timeline'><\/div><\/li>\n<li><a href='https:\/\/www.fcschwand.de\/home\/turnen\/kinder-turnen\/' title='Turnen f\u00fcr Vorschulkinder (5-6)'  target=\"_blank\"  rel=\"noopener noreferrer\"  class='iconlist_icon  avia-font-flaticon-sports'><span class='iconlist-char ' aria-hidden='true' data-av_icon='\uf163' data-av_iconfont='flaticon-sports'><\/span><\/a><article class=\"article-icon-entry av-iconlist-empty\"  itemscope=\"itemscope\" itemtype=\"https:\/\/schema.org\/CreativeWork\" ><div class='iconlist_content_wrap'><header class=\"entry-content-header\"><h4 class='av_iconlist_title iconlist_title  av_inherit_color '  itemprop=\"headline\"   style='color:#ffffff; '><a href='https:\/\/www.fcschwand.de\/home\/turnen\/kinder-turnen\/' title='Turnen f\u00fcr Vorschulkinder (5-6)' target=\"_blank\"  rel=\"noopener noreferrer\">Turnen f\u00fcr Vorschulkinder (5-6)<\/a><\/h4><\/header><div class='iconlist_content  '  itemprop=\"text\"  ><\/div><\/div><footer class=\"entry-footer\"><\/footer><\/article><div class='iconlist-timeline'><\/div><\/li>\n<li><a href='https:\/\/www.fcschwand.de\/home\/turnen\/kinder-turnen\/' title='Turnen-Spiele-Leichtathletik (ab 6 Jahre)'  target=\"_blank\"  rel=\"noopener noreferrer\"  class='iconlist_icon  avia-font-flaticon-sports'><span class='iconlist-char ' aria-hidden='true' data-av_icon='\uf163' data-av_iconfont='flaticon-sports'><\/span><\/a><article class=\"article-icon-entry av-iconlist-empty\"  itemscope=\"itemscope\" itemtype=\"https:\/\/schema.org\/CreativeWork\" ><div class='iconlist_content_wrap'><header class=\"entry-content-header\"><h4 class='av_iconlist_title iconlist_title  av_inherit_color '  itemprop=\"headline\"   style='color:#ffffff; '><a href='https:\/\/www.fcschwand.de\/home\/turnen\/kinder-turnen\/' title='Turnen-Spiele-Leichtathletik (ab 6 Jahre)' target=\"_blank\"  rel=\"noopener noreferrer\">Turnen-Spiele-Leichtathletik (ab 6 Jahre)<\/a><\/h4><\/header><div class='iconlist_content  '  itemprop=\"text\"  ><\/div><\/div><footer class=\"entry-footer\"><\/footer><\/article><div class='iconlist-timeline'><\/div><\/li>\n<\/ul><\/div><\/div><div class=\"flex_column av_one_third  flex_column_div av-zero-column-padding   avia-builder-el-7  el_after_av_one_third  el_before_av_one_third  \" style='border-radius:0px; '><div  class='avia-icon-list-container   avia-builder-el-8  avia-builder-el-no-sibling '><ul class='avia-icon-list avia-icon-list-left av-iconlist-big avia_animate_when_almost_visible avia-iconlist-animate'>\n<li><a href='https:\/\/www.fcschwand.de\/home\/turnen\/lets-dance\/' title='Mini - H\u00fcpfer (3-6 Jahre)'  target=\"_blank\"  rel=\"noopener noreferrer\"  class='iconlist_icon  avia-font-flaticon-sports'><span class='iconlist-char ' aria-hidden='true' data-av_icon='\uf163' data-av_iconfont='flaticon-sports'><\/span><\/a><article class=\"article-icon-entry av-iconlist-empty\"  itemscope=\"itemscope\" itemtype=\"https:\/\/schema.org\/CreativeWork\" ><div class='iconlist_content_wrap'><header class=\"entry-content-header\"><h4 class='av_iconlist_title iconlist_title  av_inherit_color '  itemprop=\"headline\"   style='color:#ffffff; '><a href='https:\/\/www.fcschwand.de\/home\/turnen\/lets-dance\/' title='Mini - H\u00fcpfer (3-6 Jahre)' target=\"_blank\"  rel=\"noopener noreferrer\">Mini - H\u00fcpfer (3-6 Jahre)<\/a><\/h4><\/header><div class='iconlist_content  '  itemprop=\"text\"  ><\/div><\/div><footer class=\"entry-footer\"><\/footer><\/article><div class='iconlist-timeline'><\/div><\/li>\n<li><a href='https:\/\/www.fcschwand.de\/home\/turnen\/lets-dance\/' title='Crazy Catkins (5-9 Jahre)'  target=\"_blank\"  rel=\"noopener noreferrer\"  class='iconlist_icon  avia-font-flaticon-sports'><span class='iconlist-char ' aria-hidden='true' data-av_icon='\uf163' data-av_iconfont='flaticon-sports'><\/span><\/a><article class=\"article-icon-entry av-iconlist-empty\"  itemscope=\"itemscope\" itemtype=\"https:\/\/schema.org\/CreativeWork\" ><div class='iconlist_content_wrap'><header class=\"entry-content-header\"><h4 class='av_iconlist_title iconlist_title  av_inherit_color '  itemprop=\"headline\"   style='color:#ffffff; '><a href='https:\/\/www.fcschwand.de\/home\/turnen\/lets-dance\/' title='Crazy Catkins (5-9 Jahre)' target=\"_blank\"  rel=\"noopener noreferrer\">Crazy Catkins (5-9 Jahre)<\/a><\/h4><\/header><div class='iconlist_content  '  itemprop=\"text\"  ><\/div><\/div><footer class=\"entry-footer\"><\/footer><\/article><div class='iconlist-timeline'><\/div><\/li>\n<li><a href='https:\/\/www.fcschwand.de\/home\/turnen\/lets-dance\/' title='Akrobatik und Dance (ab 7 Jahre)'  target=\"_blank\"  rel=\"noopener noreferrer\"  class='iconlist_icon  avia-font-flaticon-sports'><span class='iconlist-char ' aria-hidden='true' data-av_icon='\uf163' data-av_iconfont='flaticon-sports'><\/span><\/a><article class=\"article-icon-entry av-iconlist-empty\"  itemscope=\"itemscope\" itemtype=\"https:\/\/schema.org\/CreativeWork\" ><div class='iconlist_content_wrap'><header class=\"entry-content-header\"><h4 class='av_iconlist_title iconlist_title  av_inherit_color '  itemprop=\"headline\"   style='color:#ffffff; '><a href='https:\/\/www.fcschwand.de\/home\/turnen\/lets-dance\/' title='Akrobatik und Dance (ab 7 Jahre)' target=\"_blank\"  rel=\"noopener noreferrer\">Akrobatik und Dance (ab 7 Jahre)<\/a><\/h4><\/header><div class='iconlist_content  '  itemprop=\"text\"  ><\/div><\/div><footer class=\"entry-footer\"><\/footer><\/article><div class='iconlist-timeline'><\/div><\/li>\n<li><a href='https:\/\/www.fcschwand.de\/home\/turnen\/lets-dance\/' title='Poi &amp; Dance (ab 10 Jahre)'  target=\"_blank\"  rel=\"noopener noreferrer\"  class='iconlist_icon  avia-font-flaticon-sports'><span class='iconlist-char ' aria-hidden='true' data-av_icon='\uf163' data-av_iconfont='flaticon-sports'><\/span><\/a><article class=\"article-icon-entry av-iconlist-empty\"  itemscope=\"itemscope\" itemtype=\"https:\/\/schema.org\/CreativeWork\" ><div class='iconlist_content_wrap'><header class=\"entry-content-header\"><h4 class='av_iconlist_title iconlist_title  av_inherit_color '  itemprop=\"headline\"   style='color:#ffffff; '><a href='https:\/\/www.fcschwand.de\/home\/turnen\/lets-dance\/' title='Poi &amp; Dance (ab 10 Jahre)' target=\"_blank\"  rel=\"noopener noreferrer\">Poi &amp; Dance (ab 10 Jahre)<\/a><\/h4><\/header><div class='iconlist_content  '  itemprop=\"text\"  ><\/div><\/div><footer class=\"entry-footer\"><\/footer><\/article><div class='iconlist-timeline'><\/div><\/li>\n<\/ul><\/div><\/div><div class=\"flex_column av_one_third  flex_column_div av-zero-column-padding   avia-builder-el-9  el_after_av_one_third  avia-builder-el-last  \" style='border-radius:0px; '><div  class='avia-icon-list-container   avia-builder-el-10  avia-builder-el-no-sibling '><ul class='avia-icon-list avia-icon-list-left av-iconlist-big avia_animate_when_almost_visible avia-iconlist-animate'>\n<li><a href='http:\/\/www.esdo-schwand.de\/' title='Esdo (ab 8 Jahre)' target=\"_blank\" rel=\"noopener noreferrer\" class='iconlist_icon  avia-font-flaticon-sports'><span class='iconlist-char ' aria-hidden='true' data-av_icon='\uf10c' data-av_iconfont='flaticon-sports'><\/span><\/a><article class=\"article-icon-entry av-iconlist-empty\"  itemscope=\"itemscope\" itemtype=\"https:\/\/schema.org\/CreativeWork\" ><div class='iconlist_content_wrap'><header class=\"entry-content-header\"><h4 class='av_iconlist_title iconlist_title  av_inherit_color '  itemprop=\"headline\"   style='color:#ffffff; '><a href='http:\/\/www.esdo-schwand.de\/' title='Esdo (ab 8 Jahre)' target=\"_blank\" rel=\"noopener noreferrer\">Esdo (ab 8 Jahre)<\/a><\/h4><\/header><div class='iconlist_content  '  itemprop=\"text\"  ><\/div><\/div><footer class=\"entry-footer\"><\/footer><\/article><div class='iconlist-timeline'><\/div><\/li>\n<\/ul><\/div><\/div><\/div><\/div><\/div><!-- close content main div --><\/div><\/div><div id='after_section_2'  class='main_color av_default_container_wrap container_wrap sidebar_right' style=' '  ><div class='container' ><div class='template-page content  av-content-small alpha units'><div class='post-entry post-entry-type-page post-entry-4494'><div class='entry-content-wrapper clearfix'><div class=\"flex_column av_one_half  flex_column_div av-zero-column-padding first  avia-builder-el-11  el_after_av_section  el_before_av_one_half  avia-builder-el-first  \" style='border-radius:0px; '><p><div  style='padding-bottom:10px; ' class='av-special-heading av-special-heading-h3    avia-builder-el-12  el_before_av_textblock  avia-builder-el-first  '><h3 class='av-special-heading-tag '  itemprop=\"headline\"  >UNSERE ZIELE SIND:<\/h3><div class='special-heading-border'><div class='special-heading-inner-border' ><\/div><\/div><\/div><br \/>\n<section class=\"av_textblock_section \"  itemscope=\"itemscope\" itemtype=\"https:\/\/schema.org\/CreativeWork\" ><div class='avia_textblock  '   itemprop=\"text\" ><p>Vielseitige Bewegungserfahrungen sammeln<\/p>\n<p>Freude an der Bewegung, vor allem im Umgang mit kleinen und gro\u00dfen Turnger\u00e4ten<\/p>\n<p>Pers\u00f6nliche Leistungssteigerung<\/p>\n<p>Bewegungsdrang und Kreativit\u00e4t der Kinder an Bewegungsbaustellen f\u00f6rdern<\/p>\n<p>Gegenpol zur &#8222;verkopften Gesellschaft&#8220;<\/p>\n<p>Vermittlung von turnspezifischen Bewegungen<\/p>\n<p>Soziales Miteinander durch Partner- und Gruppenturnen<\/p>\n<\/div><\/section><\/p><\/div><\/p>\n<div class=\"flex_column av_one_half  flex_column_div av-zero-column-padding   avia-builder-el-14  el_after_av_one_half  el_before_av_hr  \" style='border-radius:0px; '><p><div  style='padding-bottom:10px; ' class='av-special-heading av-special-heading-h3    avia-builder-el-15  el_before_av_textblock  avia-builder-el-first  '><h3 class='av-special-heading-tag '  itemprop=\"headline\"  >UNTER TURNEN VERSTEHEN WIR:<\/h3><div class='special-heading-border'><div class='special-heading-inner-border' ><\/div><\/div><\/div><br \/>\n<section class=\"av_textblock_section \"  itemscope=\"itemscope\" itemtype=\"https:\/\/schema.org\/CreativeWork\" ><div class='avia_textblock  '   itemprop=\"text\" ><p>Rollen, h\u00fcpfen, schwingen, drehen, klettern, h\u00e4ngen, laufen, stehen,<\/p>\n<p>werfen, fangen, im Seil zu springen, all das soll die Turnstund bringen<em>!<\/em><\/p>\n<p>Unsere \u00dcbungsleiter und \u00dcbungsleiterassistenten wollen den Kindern viele &#8222;Kunstst\u00fcckchen&#8220; beibringen. Dabei soll immer der Spa\u00df und die Gemeinschaft im Vordergrund stehen. Methodisch und p\u00e4dagogisch durchdachte \u00dcbungs- und Spielsituationen sorgen daf\u00fcr, die notwendigen Grundvoraussetzungen wie Beweglichkeit, Kraft, Ausdauer, Koordination und Schnelligkeit zu f\u00f6rdern. Diese sind f\u00fcr das Bewegungslernen notwendig.<\/p>\n<\/div><\/section><\/p><\/div>\n<div   class='hr hr-default   avia-builder-el-17  el_after_av_one_half  avia-builder-el-last '><span class='hr-inner ' ><span class='hr-inner-style'><\/span><\/span><\/div>\n","protected":false},"excerpt":{"rendered":"","protected":false},"author":7,"featured_media":0,"parent":4829,"menu_order":0,"comment_status":"closed","ping_status":"closed","template":"","meta":[],"yoast_head":"<!-- This site is optimized with the Yoast SEO plugin v15.9.2 - https:\/\/yoast.com\/wordpress\/plugins\/seo\/ -->\n<title>Kinder und Jugend - 1.FC Schwand<\/title>\n<link rel=\"canonical\" href=\"https:\/\/www.fcschwand.de\/home\/turnen\/kinder-und-jugend\/\" \/>\n<meta property=\"og:locale\" content=\"de_DE\" \/>\n<meta property=\"og:type\" content=\"article\" \/>\n<meta property=\"og:title\" content=\"Kinder und Jugend - 1.FC Schwand\" \/>\n<meta property=\"og:url\" content=\"https:\/\/www.fcschwand.de\/home\/turnen\/kinder-und-jugend\/\" \/>\n<meta property=\"og:site_name\" content=\"1.FC Schwand\" \/>\n<meta property=\"article:modified_time\" content=\"2024-02-11T09:57:47+00:00\" \/>\n<meta name=\"twitter:card\" content=\"summary\" \/>\n<meta name=\"twitter:label1\" content=\"Gesch\u00e4tzte Lesezeit\">\n\t<meta name=\"twitter:data1\" content=\"9\u00a0Minuten\">\n<script type=\"application\/ld+json\" class=\"yoast-schema-graph\">{\"@context\":\"https:\/\/schema.org\",\"@graph\":[{\"@type\":\"WebSite\",\"@id\":\"https:\/\/www.fcschwand.de\/home\/#website\",\"url\":\"https:\/\/www.fcschwand.de\/home\/\",\"name\":\"1.FC Schwand\",\"description\":\"Sport aus Leidenschaft\",\"potentialAction\":[{\"@type\":\"SearchAction\",\"target\":\"https:\/\/www.fcschwand.de\/home\/?s={search_term_string}\",\"query-input\":\"required name=search_term_string\"}],\"inLanguage\":\"de\"},{\"@type\":\"WebPage\",\"@id\":\"https:\/\/www.fcschwand.de\/home\/turnen\/kinder-und-jugend\/#webpage\",\"url\":\"https:\/\/www.fcschwand.de\/home\/turnen\/kinder-und-jugend\/\",\"name\":\"Kinder und Jugend - 1.FC Schwand\",\"isPartOf\":{\"@id\":\"https:\/\/www.fcschwand.de\/home\/#website\"},\"datePublished\":\"2020-03-04T06:40:51+00:00\",\"dateModified\":\"2024-02-11T09:57:47+00:00\",\"breadcrumb\":{\"@id\":\"https:\/\/www.fcschwand.de\/home\/turnen\/kinder-und-jugend\/#breadcrumb\"},\"inLanguage\":\"de\",\"potentialAction\":[{\"@type\":\"ReadAction\",\"target\":[\"https:\/\/www.fcschwand.de\/home\/turnen\/kinder-und-jugend\/\"]}]},{\"@type\":\"BreadcrumbList\",\"@id\":\"https:\/\/www.fcschwand.de\/home\/turnen\/kinder-und-jugend\/#breadcrumb\",\"itemListElement\":[{\"@type\":\"ListItem\",\"position\":1,\"item\":{\"@type\":\"WebPage\",\"@id\":\"https:\/\/www.fcschwand.de\/home\/1-fc-schwand-sportverein-2\/\",\"url\":\"https:\/\/www.fcschwand.de\/home\/1-fc-schwand-sportverein-2\/\",\"name\":\"Startseite\"}},{\"@type\":\"ListItem\",\"position\":2,\"item\":{\"@type\":\"WebPage\",\"@id\":\"https:\/\/www.fcschwand.de\/home\/turnen\/\",\"url\":\"https:\/\/www.fcschwand.de\/home\/turnen\/\",\"name\":\"Turnen\"}},{\"@type\":\"ListItem\",\"position\":3,\"item\":{\"@type\":\"WebPage\",\"@id\":\"https:\/\/www.fcschwand.de\/home\/turnen\/kinder-und-jugend\/\",\"url\":\"https:\/\/www.fcschwand.de\/home\/turnen\/kinder-und-jugend\/\",\"name\":\"Kinder und Jugend\"}}]}]}<\/script>\n<!-- \/ Yoast SEO plugin. -->","_links":{"self":[{"href":"https:\/\/www.fcschwand.de\/home\/wp-json\/wp\/v2\/pages\/4494"}],"collection":[{"href":"https:\/\/www.fcschwand.de\/home\/wp-json\/wp\/v2\/pages"}],"about":[{"href":"https:\/\/www.fcschwand.de\/home\/wp-json\/wp\/v2\/types\/page"}],"author":[{"embeddable":true,"href":"https:\/\/www.fcschwand.de\/home\/wp-json\/wp\/v2\/users\/7"}],"replies":[{"embeddable":true,"href":"https:\/\/www.fcschwand.de\/home\/wp-json\/wp\/v2\/comments?post=4494"}],"version-history":[{"count":10,"href":"https:\/\/www.fcschwand.de\/home\/wp-json\/wp\/v2\/pages\/4494\/revisions"}],"predecessor-version":[{"id":7956,"href":"https:\/\/www.fcschwand.de\/home\/wp-json\/wp\/v2\/pages\/4494\/revisions\/7956"}],"up":[{"embeddable":true,"href":"https:\/\/www.fcschwand.de\/home\/wp-json\/wp\/v2\/pages\/4829"}],"wp:attachment":[{"href":"https:\/\/www.fcschwand.de\/home\/wp-json\/wp\/v2\/media?parent=4494"}],"curies":[{"name":"wp","href":"https:\/\/api.w.org\/{rel}","templated":true}]}}